e hundreds digit of 98001394?
3
What is the ten thousands digit of 49499742?
9
What is the hundreds digit of 197127393?
3
What is the ten thousands digit of 32633297?
3
What is the tens digit of 346804034?
3
What is the millions digit of 36425146?
6
What is the hundreds digit of 70548667?
6
What is the units digit of 3354822?
2
What is the units digit of 175544575?
5
What is the hundreds digit of 223099548?
5
What is the hundred thousands digit of 190855206?
8
What is the tens digit of 463366653?
5
What is the units digit of 48559475?
5
What is the ten millions digit of 178608298?
7
What is the hundred thousands digit of 1410504776?
5
What is the millions digit of 112109490?
2
What is the ten thousands digit of 172563109?
6
What is the tens digit of 3123062087?
8
What is the hundreds digit of 179975358?
3
What is the thousands digit of 192706576?
6
What is the ten millions digit of 102026582?
0
What is the ten millions digit of 204728322?
0
What is the tens digit of 10816?
1
What is the units digit of 180407114?
4
What is the ten millions digit of 60541314?
6
What is the hundred thousands digit of 1451222962?
2
What is the thousands digit of 17598673?
8
What is the ten millions digit of 1229344858?
2
What is the millions digit of 264707672?
4
What is the tens digit of 26497713?
1
What is the thousands digit of 2557578088?
8
What is the tens digit of 3293805980?
8
What is the hundred thousands digit of 53118155?
1
What is the ten thousands digit of 18497143?
9
What is the ten millions digit of 267182421?
6
What is the hundred millions digit of 6483896349?
4
What is the tens digit of 261399378?
7
What is the hundred millions digit of 110676158?
1
What is the ten thousands digit of 85366908?
6
What is the hundred millions digit of 218888314?
2
What is the millions digit of 482149392?
2
What is the ten millions digit of 706285724?
0
What is the hundreds digit of 25986023?
0
What is the ten thousands digit of 283503656?
0
What is the hundred thousands digit of 7225679717?
6
What is the ten thousands digit of 3921629402?
2
What is the hundred millions digit of 131145946?
1
What is the hundreds digit of 54610698?
6
What is the thousands digit of 7608817?
8
What is the ten millions digit of 183584089?
8
What is the ten millions digit of 2597849269?
9
What is the units digit of 654784446?
6
What is the ten millions digit of 359320966?
5
What is the ten millions digit of 5366533530?
6
What is the hundred millions digit of 800383689?
8
What is the hundred thousands digit of 52364519?
3
What is the hundred millions digit of 297664232?
2
What is the millions digit of 30219736?
0
What is the thousands digit of 45999478?
9
What is the thousands digit of 5983393?
3
What is the ten millions digit of 43295133?
4
What is the billions digit of 3261031537?
3
What is the hundred thousands digit of 1338724414?
7
What is the millions digit of 11564296?
1
What is the billions digit of 3496526154?
3
What is the units digit of 125914061?
1
What is the units digit of 49225077?
7
What is the ten millions digit of 2115052578?
1
What is the ten thousands digit of 91775233?
7
What is the hundred thousands digit of 87052433?
0
What is the ten millions digit of 3835303740?
3
What is the hundred thousands digit of 1538154952?
1
What is the ten millions digit of 116757741?
1
What is the thousands digit of 6630180?
0
What is the units digit of 1071577737?
7
What is the hundred millions digit of 150575719?
1
What is the ten thousands digit of 198120448?
2
What is the ten millions digit of 116945446?
1
What is the units digit of 50327869?
9
What is the thousands digit of 2127439297?
9
What is the units digit of 69120025?
5
What is the ten millions digit of 53572307?
5
What is the hundred thousands digit of 68405654?
4
What is the millions digit of 78687278?
8
What is the millions digit of 154217028?
4
What is the millions digit of 379427630?
9
What is the hundreds digit of 35732615?
6
What is the ten thousands digit of 29418724?
1
What is the thousands digit of 67248413?
8
What is the billions digit of 6706559362?
6
What is the hundreds digit of 43199340?
3
What is the tens digit of 76613238?
3
What is the millions digit of 13356524?
3
What is the ten millions digit of 1228369070?
2
What is the thousands digit of 28001808?
1
What is the millions digit of 5902778457?
2
What is the units digit of 49334770?
0
What is the ten millions digit of 223045546?
2
What is the thousands digit of 310556978?
6
What is the ten thousands digit of 476079523?
7
What is the millions digit of 3328038809?
8
What is the ten millions digit of 38724065?
3
What is the tens digit of 138823221?
2
What is the tens digit of 48083650?
5
What is the billions digit of 2410504462?
2
What is the hundreds digit of 2285139814?
8
What is the ten thousands digit of 36213081?
1
What is the hundred millions digit of 2792474343?
7
What is the ten thousands digit of 182281577?
8
What is the millions digit of 1142981241?
2
What is the hundred thousands digit of 23460000?
4
What is the thousands digit of 203398254?
8
What is the hundred millions digit of 5635878082?
6
What is the units digit of 161530046?
6
What is the thousands digit of 88079242?
9
What is the thousands digit of 48330517?
0
What is the millions digit of 44893003?
4
What is the thousands digit of 1676542424?
2
What is the hundreds digit of 283540356?
3
What is the units digit of 51956152?
2
What is the millions digit of 250656357?
0
What is the hundred millions digit of 804436277?
8
What is the ten millions digit of 2094579138?
9
What is the units digit of 6530609?
9
What is the millions digit of 5309409592?
9
What is the units digit of 74386982?
2
What is the tens digit of 251717180?
8
What is the ten thousands digit of 111597491?
9
What is the thousands digit of 300449527?
9
What is the ten millions digit of 1393142839?
9
What is the thousands digit of 403656179?
6
What is the hundred thousands digit of 773314038?
3
What is the hundreds digit of 1722549332?
3
What is the thousands digit of 2393359707?
9
What is the units digit of 167518486?
6
What is the ten millions digit of 1382317570?
8
What is the ten millions digit of 21373641?
2
What is the hundreds digit of 293075395?
3
What is the units digit of 74456686?
6
What is the hundred thousands digit of 50082614?
0
What is the tens digit of 203345382?
8
What is the hundred thousands digit of 101626505?
6
What is the millions digit of 1136650613?
6
What is the tens digit of 3355251396?
9
What is the hundred millions digit of 4099462548?
0
What is the millions digit of 206975790?
6
What is the billions digit of 2482432770?
2
What is the thousands digit of 179979978?
9
What is the tens digit of 467167133?
3
What is the tens digit of 529291186?
8
What is the hundred thousands digit of 17628060?
6
What is the tens digit of 52482298?
9
What is the ten thousands digit of 472806985?
0
What is the hundred thousands digit of 684247177?
2
What is the units digit of 411528143?
3
What is the hundred thousands digit of 462799250?
7
What is the ten millions digit of 385439007?
8
What is the tens digit of 10600905?
0
What is the units digit of 48661771?
1
What is the thousands digit of 15933560?
3
What is the hundreds digit of 766695431?
4
What is the millions digit of 139190400?
9
What is the ten millions digit of 177120253?
7
What is the tens digit of 1436070757?
5
What is the tens digit of 948467821?
2
What is the thousands digit of 352180530?
0
What is the billions digit of 1400278287?
1
What is the ten thousands digit of 115736818?
3
What is the units digit of 751440715?
5
What is the millions digit of 488416388?
8
What is the thousands digit of 3246130058?
0
What is the hundreds digit of 1437440636?
6
What is the hundred millions digit of 221072471?
2
What is the units digit of 71810545?
5
What is the hundred thousands digit of 365081604?
0
What is the thousands digit of 196704373?
4
What is the units digit of 61826829?
9
What is the ten thousands digit of 1500803737?
0
What is the hundred millions digit of 393679036?
3
What is the tens digit of 4914892262?
6
What is the millions digit of 64872690?
4
What is the hundred thousands digit of 1792121538?
1
What is the hundreds digit of 1710117647?
6
What is the tens